{"id":878,"date":"2019-03-06T15:05:00","date_gmt":"2019-03-06T14:05:00","guid":{"rendered":"https:\/\/sklep.jaksiezmienic.pl\/?page_id=878"},"modified":"2024-10-14T10:25:37","modified_gmt":"2024-10-14T08:25:37","slug":"regulamin","status":"publish","type":"page","link":"https:\/\/jakmedytowac.pl\/produkty\/regulamin\/","title":{"rendered":"Regulamin"},"content":{"rendered":"<p style=\"text-align: left;\"><strong>Regulamin sklepu internetowego jakmedytowac.pl<\/strong><\/p>\n<p>Dzie\u0144 dobry!<\/p>\n<p>Nazywam si\u0119 Sylwester Rogalski i jestem tw\u00f3rc\u0105 produkt\u00f3w elektronicznych, kt\u00f3re sprzedaj\u0119 za po\u015brednictwem mojego sklepu dost\u0119pnego pod adresem <a href=\"https:\/\/jakmedytowac.pl?swcfpc=1\">https:\/\/jakmedytowac.pl<\/a>. Jest mi niezwyk\u0142e mi\u0142o, \u017ce obdarzy\u0142e\u015b mnie swoim zaufaniem i jeste\u015b zainteresowany zakupami w moim sklepie.<\/p>\n<p>Gwoli formalno\u015bci, moje dane rejestrowe:<\/p>\n<p>Sylwester Rogalski<br \/>\nWyszy\u0144skiego 44,<br \/>\n55-120 Oborniki \u015al\u0105skie<br \/>\nPOLSKA<\/p>\n<p>REGON:364877540<br \/>\nNIP:6891210994<\/p>\n<p>Poni\u017cej znajdziesz regulamin, w kt\u00f3rym zawarte zosta\u0142y informacje m.in. o sposobie z\u0142o\u017cenia zam\u00f3wienia i zawarcia umowy, formach p\u0142atno\u015bci dost\u0119pnych w sklepie, czy post\u0119powaniu reklamacyjnym.<\/p>\n<p>W razie jakichkolwiek pyta\u0144 jestem do Twojej dyspozycji pod adresem e-mail sylwek@jakmedytowac.pl<\/p>\n<p>Pozdrawiam i \u017cycz\u0119 udanych zakup\u00f3w!<\/p>\n<p>Sylwester Rogalski<\/p>\n<p style=\"text-align: center;\"><strong>\u00a7 1<br \/>\n<\/strong><strong>Definicje<\/strong><\/p>\n<p>Na potrzeby niniejszego regulaminu, przyjmuje si\u0119 nast\u0119puj\u0105ce znaczenie poni\u017cszych poj\u0119\u0107:<\/p>\n<p>1)\u00a0\u00a0\u00a0 Kupuj\u0105cy \u2013 osoba fizyczna, osoba prawna lub u\u0142omna osoba prawna,<\/p>\n<p>2)\u00a0\u00a0\u00a0 Konsument \u2013 osoba fizyczna zawieraj\u0105ca ze Sprzedawc\u0105 umow\u0119 niezwi\u0105zan\u0105 z bezpo\u015brednio z jej dzia\u0142alno\u015bci\u0105 gospodarcz\u0105 lub zawodow\u0105,<\/p>\n<p>3)\u00a0\u00a0\u00a0 Operator P\u0142atno\u015bci \u2013<\/p>\n<p style=\"padding-left: 40px;\">PayU S.A.<\/p>\n<p style=\"padding-left: 40px;\">ul. Grunwaldzka 186<br \/>\n60-166 Pozna\u0144<\/p>\n<p style=\"padding-left: 40px;\">NIP: 779-23-08-495<\/p>\n<p style=\"padding-left: 40px;\">REGON: 300523444<\/p>\n<p>4)\u00a0\u00a0\u00a0 Regulamin \u2013 niniejszy regulamin, dost\u0119pny pod adresem <a href=\"https:\/\/jakmedytowac.pl\/regulamin\/?swcfpc=1\">https:\/\/jakmedytowac.pl\/regulamin\/<\/a><\/p>\n<p>5)\u00a0\u00a0\u00a0 Sklep \u2013 sklep internetowy dost\u0119pny pod adresem <a href=\"https:\/\/jakmedytowac.pl\/?swcfpc=1\">https:\/\/jakmedytowac.pl\/<\/a><\/p>\n<p>6)\u00a0\u00a0\u00a0 Sprzedawca \u2013 Sylwester Rogalski, prowadz\u0105cy dzia\u0142alno\u015b\u0107 gospodarcz\u0105 pod firm\u0105 \u201eSylwester Rogalski\u201d ul. Wyszy\u0144skiego 44, 55-120 Oborniki \u015al\u0105skie NIP: 6891210994<\/p>\n<p>7)\u00a0\u00a0\u00a0 Kurs \u2013 kurs on-line &#8211; produkt dost\u0119pny jedynie przez stron\u0119 Sklepu<\/p>\n<p style=\"text-align: center;\"><strong>\u00a7 2<br \/>\n<\/strong><strong>Postanowienia wst\u0119pne<\/strong><\/p>\n<p>1.\u00a0\u00a0\u00a0\u00a0 Za po\u015brednictwem Sklepu, Sprzedawca prowadzi sprzeda\u017c produkt\u00f3w elektronicznych, \u015bwiadcz\u0105c jednocze\u015bnie na rzecz Kupuj\u0105cego us\u0142ugi drog\u0105 elektroniczn\u0105 zgodnie z \u00a7 3 Regulaminu.<\/p>\n<p>2.\u00a0\u00a0\u00a0\u00a0 Regulamin okre\u015bla zasady i warunki korzystania ze Sklepu, a tak\u017ce prawa i obowi\u0105zki Sprzedawcy i Kupuj\u0105cego.<\/p>\n<p>3.\u00a0\u00a0\u00a0\u00a0 Do dokonania zakupu za po\u015brednictwem Sklepu nie jest konieczne spe\u0142nienie szczeg\u00f3lnych warunk\u00f3w technicznych przez komputer lub inne urz\u0105dzenie Kupuj\u0105cego. Wystarczaj\u0105ce s\u0105:<\/p>\n<p style=\"padding-left: 40px;\">1)\u00a0\u00a0\u00a0 dost\u0119p do Internetu,<\/p>\n<p style=\"padding-left: 40px;\">2)\u00a0\u00a0\u00a0 standardowy system operacyjny,<\/p>\n<p style=\"padding-left: 40px;\">3)\u00a0\u00a0\u00a0 standardowa przegl\u0105darka internetowa,<\/p>\n<p style=\"padding-left: 40px;\">4)\u00a0\u00a0\u00a0 posiadanie aktywnego adresu e-mail.<\/p>\n<p>4.\u00a0\u00a0\u00a0\u00a0 Warunki techniczne, jakie musi spe\u0142nia\u0107 komputer lub inne urz\u0105dzenie Kupuj\u0105cego, niezb\u0119dne do korzystania z zakupionego produktu elektronicznego to:<\/p>\n<p style=\"padding-left: 40px;\">1.\u00a0\u00a0\u00a0\u00a0 dost\u0119p do Internetu,<\/p>\n<p style=\"padding-left: 40px;\">2.\u00a0\u00a0\u00a0\u00a0 standardowy system operacyjny<\/p>\n<p style=\"padding-left: 40px;\">3.\u00a0\u00a0\u00a0\u00a0 standardowa przegl\u0105darka internetowa<\/p>\n<p style=\"padding-left: 40px;\">4.\u00a0\u00a0\u00a0\u00a0 standardowa przegl\u0105darka plik\u00f3w .pdf (np. AdobeReader),<\/p>\n<p style=\"padding-left: 40px;\">5.\u00a0\u00a0\u00a0\u00a0 posiadanie aktywnego adresu e-mail.<\/p>\n<p>5.\u00a0\u00a0\u00a0\u00a0 Do korzystania z Kursu konieczne jest spe\u0142nienie nast\u0119puj\u0105cych warunk\u00f3w technicznych przez komputer lub inne urz\u0105dzenie Kupuj\u0105cego:<\/p>\n<p style=\"padding-left: 40px;\">1)\u00a0\u00a0\u00a0 dost\u0119p do Internetu,<\/p>\n<p style=\"padding-left: 40px;\">2)\u00a0\u00a0\u00a0 standardowy system operacyjny,<\/p>\n<p style=\"padding-left: 40px;\">3)\u00a0\u00a0\u00a0 standardowa przegl\u0105darka internetowa,<\/p>\n<p style=\"padding-left: 40px;\">4)\u00a0\u00a0\u00a0 standardowy pakiet biurowy (np. Microsoft Office, OpenOffice, LibreOffice),<\/p>\n<p style=\"padding-left: 40px;\">5)\u00a0\u00a0\u00a0 standardowa przegl\u0105darka plik\u00f3w .pdf (np. AdobeReader),<\/p>\n<p style=\"padding-left: 40px;\">7)\u00a0\u00a0\u00a0 posiadanie aktywnego adresu e-mail .<\/p>\n<p>6.\u00a0\u00a0\u00a0\u00a0 Kupuj\u0105cy, dokonuj\u0105c zakupu zobowi\u0105zany jest poda\u0107 swoje prawdziwe dane:<\/p>\n<p style=\"padding-left: 40px;\">1.\u00a0\u00a0\u00a0 Imi\u0119<\/p>\n<p style=\"padding-left: 40px;\">2.\u00a0\u00a0\u00a0 Adres e-mail<\/p>\n<p>7.\u00a0\u00a0\u00a0\u00a0 Zakazane jest dostarczanie przez Kupuj\u0105cego tre\u015bci o charakterze bezprawnym, w szczeg\u00f3lno\u015bci poprzez przesy\u0142anie takich tre\u015bci w ramach formularzy dost\u0119pnych w Sklepie.<\/p>\n<p>8.\u00a0\u00a0\u00a0\u00a0 Wszystkie ceny podane w Sklepie s\u0105 cenami brutto.<\/p>\n<p style=\"text-align: center;\"><strong>\u00a7 3<br \/>\n<\/strong><strong style=\"font-size: 1rem;\">Us\u0142ugi \u015bwiadczone drog\u0105 elektroniczn\u0105<\/strong><\/p>\n<p>1.\u00a0\u00a0\u00a0\u00a0 Za po\u015brednictwem Sklepu, Sprzedawca \u015bwiadczy na rzecz Kupuj\u0105cego us\u0142ug\u0119 drog\u0105 elektroniczn\u0105 polegaj\u0105c\u0105 na umo\u017cliwieniu Kupuj\u0105cemu zawarcia ze Sprzedawc\u0105 umowy o dostarczenie tre\u015bci cyfrowych w postaci produkt\u00f3w elektronicznych dost\u0119pnych w Sklepie. Zawarcie umowy mo\u017cliwe jest bez posiadania konta w Sklepie. Procedura zawarcia umowy opisana jest szczeg\u00f3\u0142owo w \u00a7 4 Regulaminu.<\/p>\n<p>2.\u00a0\u00a0\u00a0\u00a0 Dodatkowo, Sprzedawca zapewnia Kupuj\u0105cemu mo\u017cliwo\u015b\u0107 za\u0142o\u017cenia konta w Sklepie. Za\u0142o\u017cenie konta nast\u0119puje w trakcie sk\u0142adania zam\u00f3wienia zgodnie z procedur\u0105 opisan\u0105 w \u00a7 5 Regulaminu.<\/p>\n<p>3.\u00a0\u00a0\u00a0\u00a0 Je\u017celi Kupuj\u0105cy zdecyduje si\u0119 kupi\u0107 produkt w Sklepie i tym samym za\u0142o\u017cy\u0107 w nim konto, Sprzedawca \u015bwiadczy na rzecz Kupuj\u0105cego r\u00f3wnie\u017c us\u0142ug\u0119 drog\u0105 elektroniczn\u0105 polegaj\u0105c\u0105 na utrzymywaniu konta w Sklepie. W koncie przechowywane s\u0105 dane Kupuj\u0105cego, historia z\u0142o\u017conych przez niego zam\u00f3wie\u0144 w Sklepie oraz informacje umo\u017cliwiaj\u0105ce dost\u0119p do zakupionych produkt\u00f3w. Kupuj\u0105cy loguje si\u0119 do Konta z wykorzystaniem swojego adresu e-mail oraz has\u0142a. (wi\u0119cej o tym w \u00a7 5)<\/p>\n<p>4.\u00a0\u00a0\u00a0\u00a0 Kupuj\u0105cy w ka\u017cdej chwili mo\u017ce usun\u0105\u0107 konto w Sklepie.<\/p>\n<p>5.\u00a0 \u00a0 \u00a0Us\u0142ugi \u015bwiadczone s\u0105 na rzecz Kupuj\u0105cego nieodp\u0142atnie. Odp\u0142atne s\u0105 natomiast umowy o dostarczenie tre\u015bci cyfrowych zawierane za po\u015brednictwem Sklepu.<\/p>\n<p>6.\u00a0\u00a0\u00a0\u00a0 W celu zapewnienia bezpiecze\u0144stwa Kupuj\u0105cemu i przekazu danych w zwi\u0105zku z korzystaniem ze Sklepu, Sprzedawca podejmuje \u015brodki techniczne i organizacyjne odpowiednie do stopnia zagro\u017cenia bezpiecze\u0144stwa \u015bwiadczonych us\u0142ug, w szczeg\u00f3lno\u015bci \u015brodki s\u0142u\u017c\u0105ce zapobieganiu pozyskiwania i modyfikacji danych osobowych przez osoby nieuprawnione.<\/p>\n<p>7.\u00a0\u00a0\u00a0\u00a0 Sprzedawca podejmuje dzia\u0142ania w celu zapewnienia w pe\u0142ni poprawnego funkcjonowania Sklepu. Kupuj\u0105cy powinien poinformowa\u0107 Sprzedawc\u0119 o wszelkich nieprawid\u0142owo\u015bciach lub przerwach w funkcjonowaniu Sklepu.<\/p>\n<p>8.\u00a0\u00a0\u00a0\u00a0 Wszelkie reklamacje zwi\u0105zane z funkcjonowaniem Sklepu, Kupuj\u0105cy mo\u017ce zg\u0142asza\u0107 za po\u015brednictwem poczty elektronicznej na adres e-mail kontakt@jakmedytowac.pl W reklamacji Kupuj\u0105cy powinien poda\u0107 imi\u0119 i nazwisko, adres do korespondencji, a tak\u017ce rodzaj i dat\u0119 wyst\u0105pienia nieprawid\u0142owo\u015bci zwi\u0105zanej z funkcjonowaniem Sklepu. Sprzedawca b\u0119dzie rozpatrywa\u0107 wszelkie reklamacje w terminie do 14 dni od otrzymania reklamacji i poinformuje Klienta o jej rozstrzygni\u0119ciu na adres e-mail sk\u0142adaj\u0105cego reklamacj\u0119.<\/p>\n<p>9.\u00a0 \u00a0 \u00a0Dost\u0119p do zakupionego Kursu nie jest limitowany czasowo. Jest on mo\u017cliwy tak d\u0142ugo jak d\u0142ugo istnieje Sklep.<\/p>\n<p style=\"text-align: center;\"><strong>\u00a7 4<br \/>\n<\/strong><strong>Prawa w\u0142asno\u015bci intelektualnej<\/strong><\/p>\n<p>1.\u00a0\u00a0\u00a0\u00a0 Sprzedawca poucza niniejszym Kupuj\u0105cego, \u017ce produkty elektroniczne dost\u0119pne w Sklepie stanowi\u0105 utwory\u00a0 w rozumieniu ustawy z dnia 4 lutego 1994 r. o prawie autorskim i prawach pokrewnych, do kt\u00f3rych prawa autorskie przys\u0142uguj\u0105 Sprzedawcy.<\/p>\n<p>2.\u00a0\u00a0\u00a0\u00a0 Sprzedawca poucza niniejszym Kupuj\u0105cego, \u017ce dalsze rozpowszechnianie produkt\u00f3w elektronicznych przez Kupuj\u0105cego bez zgody Sprzedawcy stanowi naruszenie praw autorskich przys\u0142uguj\u0105cych Sprzedawcy do produkt\u00f3w elektronicznych i mo\u017ce skutkowa\u0107 odpowiedzialno\u015bci\u0105 cywiln\u0105 lub karn\u0105.<\/p>\n<p style=\"text-align: center;\"><strong>\u00a7 5<br \/>\n<\/strong><strong>Zawieranie umowy<\/strong><\/p>\n<p>1.\u00a0\u00a0\u00a0\u00a0 W celu zakupu produktu elektronicznego, Kupuj\u0105cy musi podj\u0105\u0107 nast\u0119puj\u0105ce kroki:<\/p>\n<p style=\"padding-left: 40px;\">1)\u00a0\u00a0\u00a0 wybra\u0107 wariant Kursu spo\u015br\u00f3d dost\u0119pnych na Stronie,<\/p>\n<p style=\"padding-left: 40px;\">2)\u00a0\u00a0\u00a0 wype\u0142ni\u0107 formularz zam\u00f3wienia, podaj\u0105c dane niezb\u0119dne do realizacji zam\u00f3wienia i wybieraj\u0105c spos\u00f3b p\u0142atno\u015bci;<\/p>\n<p>\u00a0\u00a0\u00a0\u00a0\u00a0\u00a0\u00a0\u00a0\u00a0\u00a0\u00a0\u00a0\u00a0\u00a0\u00a0\u00a0\u00a0\u00a0\u00a0\u00a0\u00a0\u00a0\u00a0\u00a0\u00a0\u00a0\u00a0\u00a0\u00a0\u00a0\u00a0\u00a0\u00a0\u00a0\u00a0\u00a0\u00a0\u00a0\u00a0\u00a0\u00a0\u00a0\u00a0\u00a0\u00a0\u00a0 i.\u00a0\u00a0\u00a0\u00a0 je\u017celi Kupuj\u0105cy nie ma konta w Sklepie, konto zostanie automatycznie za\u0142o\u017cone w momencie \u017c\u0142o\u017cenia zam\u00f3wienia<\/p>\n<p style=\"padding-left: 200px;\">ii.\u00a0\u00a0\u00a0\u00a0 je\u017celi Kupuj\u0105cy posiada w Sklepie to w tym momencie mo\u017ce si\u0119 zalogowa\u0107 i kontynuowa\u0107 sk\u0142adanie zam\u00f3wienia<\/p>\n<p style=\"padding-left: 40px;\">3)\u00a0\u00a0\u00a0 zaakceptowa\u0107 Regulamin \u2013 akceptacja Regulaminu jest dobrowolna, ale niezb\u0119dna do dokonania zakupu,<\/p>\n<p style=\"padding-left: 40px;\">4)\u00a0\u00a0\u00a0 klikn\u0105\u0107 w przycisk \u201eKupuj\u0119 i p\u0142ac\u0119\u201d.<\/p>\n<p>2.\u00a0\u00a0\u00a0\u00a0 Po klikni\u0119ciu w przycisk \u201eKupuj\u0119 i p\u0142ac\u0119\u201d, Kupuj\u0105cy zostanie przeniesiony na stron\u0119 Operatora P\u0142atno\u015bci celem dokonania zap\u0142aty ceny za wybrane produkty elektroniczne.<\/p>\n<p>3.\u00a0\u00a0\u00a0\u00a0 Po skutecznym dokonaniu p\u0142atno\u015bci, Kupuj\u0105cy zostanie przeniesiony na Stron\u0119 z potwierdzeniem zakupu. Z t\u0105 chwil\u0105 umow\u0119 o dostarczenie tre\u015bci cyfrowych w postaci wybranych produkt\u00f3w elektronicznych uwa\u017ca si\u0119 za zawart\u0105 mi\u0119dzy Kupuj\u0105cym a Sprzedawc\u0105. Potwierdzenie zakupu Kupuj\u0105cy otrzyma r\u00f3wnie\u017c na adres e-mail podany w formularzu zam\u00f3wienia.<\/p>\n<p style=\"text-align: center;\"><strong>\u00a7 6<br \/>\n<\/strong><strong>Dostawa produktu elektronicznego<\/strong><\/p>\n<p>Dostawa zakupionego produktu elektronicznego nast\u0105pi poprzez wysy\u0142k\u0119 na adres e-mail szczeg\u00f3\u0142owych informacji umo\u017cliwiaj\u0105cych na skorzystanie z zakupionego produktu:<\/p>\n<p>1)\u00a0\u00a0\u00a0 W przypadku ebooka \u2013 zostanie wys\u0142any link umo\u017cliwiaj\u0105cy jego pobranie<\/p>\n<p>2)\u00a0\u00a0\u00a0 W przypadku kurs\u00f3w i nagra\u0144 \u2013 dost\u0119p jest mo\u017cliwy po zalogowaniu si\u0119 do sklepu i przej\u015bcie do zak\u0142adki \u201eMoje kursy\u201d<\/p>\n<p style=\"padding-left: 40px;\">i.\u00a0\u00a0\u00a0\u00a0 Loginem u\u017cytkownika jest podany adres e-mail przy sk\u0142adaniu zam\u00f3wienia<\/p>\n<p style=\"padding-left: 40px;\">ii.\u00a0\u00a0\u00a0\u00a0 Has\u0142em u\u017cytkownika jest automatycznie wygenerowane has\u0142o przy zak\u0142adaniu konta lub has\u0142o samodzielnie zdefiniowane przez u\u017cytkownika.<\/p>\n<p>Dostawa nast\u0105pi niezw\u0142ocznie po dokonaniu p\u0142atno\u015bci przez Kupuj\u0105cego, nie p\u00f3\u017aniej ni\u017c w ci\u0105gu 24 godzin od dokonania p\u0142atno\u015bci.\u201d<\/p>\n<p style=\"text-align: center;\"><strong>\u00a7 7<br \/>\n<\/strong><strong>Odst\u0105pienie Konsumenta od umowy<\/strong><\/p>\n<p>1.\u00a0\u00a0\u00a0\u00a0 Konsument, kt\u00f3ry zawar\u0142 ze Sprzedawc\u0105 umow\u0119 na odleg\u0142o\u015b\u0107, ma prawo odst\u0105pi\u0107 od umowy bez podawania przyczyny w terminie 14 dni od dnia zawarcia umowy.<\/p>\n<p>2.\u00a0\u00a0\u00a0\u00a0 Prawo odst\u0105pienia od umowy zawartej na odleg\u0142o\u015b\u0107 nie przys\u0142uguje konsumentowi w odniesieniu do um\u00f3w o dostarczanie tre\u015bci cyfrowych, kt\u00f3re nie s\u0105 zapisane na no\u015bniku materialnym, je\u017celi spe\u0142nianie \u015bwiadczenia rozpocz\u0119\u0142o si\u0119 za wyra\u017an\u0105 zgod\u0105 konsumenta przed up\u0142ywem terminu do odst\u0105pienia od umowy i po poinformowaniu go przez przedsi\u0119biorc\u0119 o utracie prawa odst\u0105pienia od umowy .<\/p>\n<p>3.\u00a0\u00a0\u00a0\u00a0 Aby odst\u0105pi\u0107 od umowy, Konsument musi poinformowa\u0107 Sprzedawc\u0119 o swojej decyzji o odst\u0105pieniu od umowy w drodze jednoznacznego o\u015bwiadczenia &#8211; na przyk\u0142ad pismo wys\u0142ane poczt\u0105 lub poczt\u0105 elektroniczn\u0105.<\/p>\n<p>4.\u00a0\u00a0\u00a0\u00a0 Konsument mo\u017ce skorzysta\u0107 z wzoru formularza odst\u0105pienia od umowy, dost\u0119pnego pod adresem <a href=\"https:\/\/jakmedytowac.pl\/dokumenty\/?swcfpc=1\">https:\/\/jakmedytowac.pl\/dokumenty\/<\/a> jednak nie jest to obowi\u0105zkowe.<\/p>\n<p>5.\u00a0\u00a0\u00a0\u00a0 Aby zachowa\u0107 termin do odst\u0105pienia od umowy, wystarczy, aby Konsument wys\u0142a\u0142 informacj\u0119 dotycz\u0105c\u0105 wykonania przys\u0142uguj\u0105cego Konsumentowi prawa odst\u0105pienia od umowy przed up\u0142ywem terminu do odst\u0105pienia od umowy.<\/p>\n<p>6.\u00a0\u00a0\u00a0\u00a0 W przypadku odst\u0105pienia od umowy, Sprzedawca zwraca Konsumentowi wszystkie otrzymane od Konsumenta p\u0142atno\u015bci niezw\u0142ocznie, nie p\u00f3\u017aniej ni\u017c 14 dni od dnia, w kt\u00f3rym Sprzedawca zosta\u0142 poinformowany o wykonaniu prawa odst\u0105pienia od umowy.<\/p>\n<p style=\"text-align: center;\"><strong>\u00a7 8<br \/>\n<\/strong><strong>Odpowiedzialno\u015b\u0107 za wady<\/strong><\/p>\n<p>1.\u00a0\u00a0\u00a0\u00a0 Sprzedawca ma obowi\u0105zek dostarczy\u0107 Kupuj\u0105cemu produkt elektroniczny wolny od wad.<\/p>\n<p>2.\u00a0\u00a0\u00a0\u00a0 Sprzedawca jest odpowiedzialny wzgl\u0119dem Kupuj\u0105cego, je\u017celi produkt elektroniczny ma wad\u0119 fizyczn\u0105 lub prawn\u0105 (r\u0119kojmia za wady).<\/p>\n<p>3.\u00a0\u00a0\u00a0\u00a0 Je\u017celi Kupuj\u0105cy stwierdzi wad\u0119 produktu elektronicznego, powinien poinformowa\u0107 o tym Sprzedawc\u0119, okre\u015blaj\u0105c jednocze\u015bnie swoje roszczenie zwi\u0105zane ze stwierdzon\u0105 wad\u0105 lub sk\u0142adaj\u0105c o\u015bwiadczenie stosownej tre\u015bci.<\/p>\n<p>4.\u00a0\u00a0\u00a0\u00a0 Kupuj\u0105cy mo\u017ce skorzysta\u0107 z formularza reklamacyjnego, dost\u0119pnego na stronie <a href=\"https:\/\/jakmedytowac.pl\/dokumenty\/?swcfpc=1\">https:\/\/jakmedytowac.pl\/dokumenty\/<\/a>, jednak nie jest to obowi\u0105zkowe.<\/p>\n<p>5.\u00a0\u00a0\u00a0\u00a0 Kupuj\u0105cy mo\u017ce kontaktowa\u0107 si\u0119 ze Sprzedawc\u0105 zar\u00f3wno poczt\u0105 tradycyjn\u0105, jak r\u00f3wnie\u017c poczt\u0105 elektroniczn\u0105.<\/p>\n<p>6.\u00a0\u00a0\u00a0\u00a0 Sprzedawca ustosunkuje si\u0119 do sk\u0142adanej przez Kupuj\u0105cego reklamacji w ci\u0105gu 14 dni od dnia dor\u0119czenia mu reklamacji za pomoc\u0105 takiego \u015brodka komunikacji, przy wykorzystaniu kt\u00f3rego reklamacja zosta\u0142a z\u0142o\u017cona.<\/p>\n<p>7.\u00a0 \u00a0 \u00a0\u0106wiczenia zaprezentowane w produktach nie zast\u0119puj\u0105 leczenia medycznego. We wszelkich zagadnieniach dotycz\u0105cych zdrowia nale\u017cy skonsultowa\u0107 si\u0119 z lekarzem.<\/p>\n<p style=\"text-align: center;\"><strong>\u00a7 9<br \/>\n<\/strong><strong>Dane osobowe i pliki cookies<\/strong><\/p>\n<p>Zasady przetwarzania danych osobowych oraz wykorzystywania plik\u00f3w cookies opisane zosta\u0142y w polityce prywatno\u015bci i plik\u00f3w cookies dost\u0119pnej pod adresem <a href=\"https:\/\/jakmedytowac.pl\/polityka-prywatnosci\/?swcfpc=1\">https:\/\/jakmedytowac.pl\/polityka-prywatnosci\/<\/a><\/p>\n<p style=\"text-align: center;\"><strong>\u00a7 10<br \/>\n<\/strong><strong>Pozas\u0105dowe sposoby rozpatrywania reklamacji i dochodzenia roszcze\u0144<\/strong><\/p>\n<p>1.\u00a0\u00a0\u00a0\u00a0 Sprzedawca wyra\u017ca zgod\u0119 na poddanie ewentualnych spor\u00f3w wynik\u0142ych w zwi\u0105zku z zawartymi umowami o dostarczenie tre\u015bci cyfrowych na drodze post\u0119powania mediacyjnego. Szczeg\u00f3\u0142y zostan\u0105 okre\u015blone przez strony konfliktu.<\/p>\n<p>2.\u00a0\u00a0\u00a0\u00a0 Konsument ma mo\u017cliwo\u015b\u0107 skorzystania z pozas\u0105dowych sposob\u00f3w rozpatrywania reklamacji i dochodzenia roszcze\u0144. Mi\u0119dzy innymi, Konsument ma mo\u017cliwo\u015b\u0107:<\/p>\n<p style=\"padding-left: 40px;\">1)\u00a0\u00a0\u00a0 zwr\u00f3cenia si\u0119 do sta\u0142ego polubownego s\u0105du konsumenckiego z wnioskiem o rozstrzygni\u0119cie sporu wynik\u0142ego z zawartej umowy,<\/p>\n<p style=\"padding-left: 40px;\">2)\u00a0\u00a0\u00a0 zwr\u00f3cenia si\u0119 do wojew\u00f3dzkiego inspektora Inspekcji Handlowej z wnioskiem o wszcz\u0119cie post\u0119powania mediacyjnego w sprawie polubownego zako\u0144czenia sporu mi\u0119dzy Kupuj\u0105cym a Sprzedawc\u0105,<\/p>\n<p style=\"padding-left: 40px;\">3)\u00a0\u00a0\u00a0 skorzystania z pomocy powiatowego (miejskiego) rzecznika praw konsumenta lub organizacji spo\u0142ecznej, do kt\u00f3rej statutowych zada\u0144 nale\u017cy ochrona konsument\u00f3w.<\/p>\n<p>3.\u00a0\u00a0\u00a0\u00a0 Bardziej szczeg\u00f3\u0142owych informacji na temat pozas\u0105dowych sposob\u00f3w rozpatrywania reklamacji i dochodzenia roszcze\u0144, Konsument mo\u017ce szuka\u0107 na stronie internetowej http:\/\/polubownie.uokik.gov.pl.<\/p>\n<p>4.\u00a0\u00a0\u00a0\u00a0 Konsument mo\u017ce r\u00f3wnie\u017c skorzysta\u0107 z platformy ODR, kt\u00f3ra dost\u0119pna jest pod adresem\u00a0http:\/\/ec.europa.eu\/consumers\/odr. Platforma s\u0142u\u017cy rozstrzyganiu spor\u00f3w pomi\u0119dzy konsumentami i przedsi\u0119biorcami d\u0105\u017c\u0105cymi do pozas\u0105dowego rozstrzygni\u0119cia sporu dotycz\u0105cego zobowi\u0105za\u0144 umownych wynikaj\u0105cych z internetowej umowy sprzeda\u017cy lub umowy o \u015bwiadczenie us\u0142ug.<\/p>\n<p style=\"text-align: center;\"><strong>\u00a7 11<br \/>\n<\/strong><strong>Postanowienia ko\u0144cowe<\/strong><\/p>\n<p>1.\u00a0\u00a0\u00a0\u00a0 Sprzedawca zastrzega sobie prawo do wprowadzania oraz odwo\u0142ywania ofert, promocji oraz do zmiany cen produkt\u00f3w w Sklepie bez uszczerbku dla praw nabytych przez Kupuj\u0105cego, w tym w szczeg\u00f3lno\u015bci warunk\u00f3w um\u00f3w zawartych przed dokonaniem zmiany.<\/p>\n<p>2.\u00a0\u00a0\u00a0\u00a0 Sprzedawca zastrzega sobie mo\u017cliwo\u015b\u0107 wprowadzania zmian w Regulaminie. Do um\u00f3w zawartych przed zmian\u0105 Regulaminu stosuje si\u0119 Regulamin obowi\u0105zuj\u0105cy w dacie zawarcia umowy.<\/p>\n<p>3.\u00a0\u00a0\u00a0\u00a0 Kupuj\u0105cy, kt\u00f3rzy posiadaj\u0105 konto w Sklepie o ka\u017cdej zmianie Regulaminu zostan\u0105 powiadomieni poczt\u0105 elektroniczn\u0105 na adres e-mail przypisany do konta. W przypadku braku akceptacji tre\u015bci nowego Regulaminu, Kupuj\u0105cy ma prawo w ka\u017cdym czasie wypowiedzie\u0107 umow\u0119 o prowadzenie konta poprzez usuni\u0119cie konta lub z\u0142o\u017cenie Sprzedawcy stosownego o\u015bwiadczenia, w dowolnej formie, o wypowiedzeniu umowy o prowadzenie konta.<\/p>\n<p>4.\u00a0\u00a0\u00a0\u00a0 Niniejszy Regulamin obowi\u0105zuje od dnia 18.03.2019<\/p>\n<p>5.\u00a0\u00a0\u00a0\u00a0 Wszystkie archiwalne wersje Regulaminu dost\u0119pne s\u0105 do \u015bci\u0105gni\u0119cia w formacie .pdf \u2013 linki znajduj\u0105 si\u0119 poni\u017cej Regulaminu.<\/p>\n","protected":false},"excerpt":{"rendered":"<p>Regulamin sklepu internetowego jakmedytowac.pl Dzie\u0144 dobry! Nazywam si\u0119 Sylwester Rogalski i jestem tw\u00f3rc\u0105 produkt\u00f3w elektronicznych, kt\u00f3re sprzedaj\u0119 za po\u015brednictwem mojego sklepu dost\u0119pnego pod adresem https:\/\/jakmedytowac.pl. Jest mi niezwyk\u0142e mi\u0142o, \u017ce obdarzy\u0142e\u015b mnie swoim zaufaniem i jeste\u015b zainteresowany zakupami w moim sklepie. Gwoli formalno\u015bci, moje dane rejestrowe: Sylwester Rogalski Wyszy\u0144skiego 44, 55-120 Oborniki \u015al\u0105skie POLSKA REGON:364877540 [&hellip;]<\/p>\n","protected":false},"author":1,"featured_media":0,"parent":0,"menu_order":8,"comment_status":"closed","ping_status":"closed","template":"","meta":{"_lmt_disableupdate":"no","_lmt_disable":"","footnotes":"","_links_to":"","_links_to_target":""},"class_list":["post-878","page","type-page","status-publish","hentry"],"_links":{"self":[{"href":"https:\/\/jakmedytowac.pl\/produkty\/wp-json\/wp\/v2\/pages\/878","targetHints":{"allow":["GET"]}}],"collection":[{"href":"https:\/\/jakmedytowac.pl\/produkty\/wp-json\/wp\/v2\/pages"}],"about":[{"href":"https:\/\/jakmedytowac.pl\/produkty\/wp-json\/wp\/v2\/types\/page"}],"author":[{"embeddable":true,"href":"https:\/\/jakmedytowac.pl\/produkty\/wp-json\/wp\/v2\/users\/1"}],"replies":[{"embeddable":true,"href":"https:\/\/jakmedytowac.pl\/produkty\/wp-json\/wp\/v2\/comments?post=878"}],"version-history":[{"count":9,"href":"https:\/\/jakmedytowac.pl\/produkty\/wp-json\/wp\/v2\/pages\/878\/revisions"}],"predecessor-version":[{"id":24351,"href":"https:\/\/jakmedytowac.pl\/produkty\/wp-json\/wp\/v2\/pages\/878\/revisions\/24351"}],"wp:attachment":[{"href":"https:\/\/jakmedytowac.pl\/produkty\/wp-json\/wp\/v2\/media?parent=878"}],"curies":[{"name":"wp","href":"https:\/\/api.w.org\/{rel}","templated":true}]}}